{"id":7183,"date":"2024-09-24T01:27:44","date_gmt":"2024-09-23T23:27:44","guid":{"rendered":"https:\/\/www.ban-idf.com\/boutique\/?post_type=product&#038;p=7183"},"modified":"2024-10-09T19:22:46","modified_gmt":"2024-10-09T17:22:46","slug":"joint-de-porte-rotech-bande-anti-rongeurs-5m","status":"publish","type":"product","link":"https:\/\/www.ban-idf.com\/boutique\/produit\/joint-de-porte-rotech-bande-anti-rongeurs-5m\/","title":{"rendered":"Joint de Porte Rotech\u00ae \u2013 Bande anti-rongeurs 5m"},"content":{"rendered":"\n<p>Le <strong>Joint de Porte Rotech\u00ae<\/strong>, \u00e9galement appel\u00e9 bande d\u00e9couplable <strong>RAXIT<\/strong>, est un <strong>joint d\u2019\u00e9tanch\u00e9it\u00e9 brevet\u00e9<\/strong> con\u00e7u pour bloquer l\u2019acc\u00e8s des <strong>rongeurs<\/strong> (rats, souris) et autres nuisibles \u00e0 vos b\u00e2timents. Ce joint est fabriqu\u00e9 \u00e0 partir de <strong>Santoprene\u2122<\/strong>, un mat\u00e9riau flexible et durable, renforc\u00e9 par un <strong>maillage de fils d\u2019acier<\/strong>. Gr\u00e2ce \u00e0 cette combinaison, le joint est non seulement r\u00e9sistant aux <strong>grignotages<\/strong> des rongeurs, mais \u00e9galement aux <strong>acides<\/strong>, garantissant une protection efficace et durable contre les nuisibles.<\/p>\n\n\n<div class=\"wp-block-image is-style-default\">\n<figure class=\"aligncenter size-full is-resized\"><img fetchpriority=\"high\" decoding=\"async\" width=\"391\" height=\"502\" src=\"https:\/\/www.ban-idf.com\/boutique\/wp-content\/uploads\/2024\/09\/Joint-de-Porte-Rotech\u00ae-\u2013-Bande-anti-rongeurs-efficace.jpg\" alt=\"Joint de Porte Rotech\u00ae \u2013 Bande anti-rongeurs efficace\" class=\"wp-image-7185\" style=\"width:300px\" srcset=\"https:\/\/www.ban-idf.com\/boutique\/wp-content\/uploads\/2024\/09\/Joint-de-Porte-Rotech\u00ae-\u2013-Bande-anti-rongeurs-efficace.jpg 391w, https:\/\/www.ban-idf.com\/boutique\/wp-content\/uploads\/2024\/09\/Joint-de-Porte-Rotech\u00ae-\u2013-Bande-anti-rongeurs-efficace-234x300.jpg 234w\" sizes=\"(max-width: 391px) 100vw, 391px\" \/><\/figure>\n<\/div>\n\n\n<p>Facile \u00e0 installer, ce joint d\u2019\u00e9tanch\u00e9it\u00e9 s\u2019adapte \u00e0 de nombreuses applications, qu\u2019il s\u2019agisse de <strong>portes<\/strong>, de <strong>cl\u00f4tures<\/strong>, d\u2019espaces dans le b\u00e9ton, ou de tout autre point de passage des rongeurs. Il s\u2019agit d\u2019une solution respectueuse de l\u2019environnement, id\u00e9ale pour les programmes de gestion des nuisibles (<strong>PEST MANAGEMENT<\/strong>), assurant une protection \u00e0 long terme pour vos b\u00e2timents et installations.<\/p>\n\n\n\n<h2 class=\"wp-block-heading\"><strong>Caract\u00e9ristiques principales<\/strong><\/h2>\n\n\n\n<ul class=\"wp-block-list\">\n<li><strong>Mat\u00e9riau Santoprene\u2122 brevet\u00e9 :<\/strong> Flexible, durable et renforc\u00e9 par un maillage d\u2019acier, ce qui le rend pratiquement impossible \u00e0 grignoter pour les rongeurs.<\/li>\n\n\n\n<li><strong>R\u00e9sistance aux acides et aux grignotages :<\/strong> Assure une protection durable m\u00eame dans les environnements les plus exigeants.<\/li>\n\n\n\n<li><strong>Polyvalence d\u2019installation :<\/strong> Adapt\u00e9 pour une installation sur <strong>portes<\/strong>, <strong>cl\u00f4tures<\/strong>, <strong>murs<\/strong> et autres points de passage potentiels des rongeurs.<\/li>\n\n\n\n<li><strong>Respectueux de l\u2019environnement :<\/strong> Mat\u00e9riau durable et recyclable, r\u00e9pondant aux exigences environnementales modernes.<\/li>\n\n\n\n<li><strong>Longueur du rouleau :<\/strong> 5 m\u00e8tres, pouvant \u00eatre coup\u00e9 \u00e0 la longueur d\u00e9sir\u00e9e \u00e0 l\u2019aide d\u2019une pince coupante, d\u2019un cutter ou d\u2019une scie\u200b.<\/li>\n<\/ul>\n\n\n\n<h2 class=\"wp-block-heading\"><strong>Applications recommand\u00e9es<\/strong><\/h2>\n\n\n\n<p>Le <strong>Joint de Porte Rotech\u00ae<\/strong> est recommand\u00e9 pour :<\/p>\n\n\n\n<ul class=\"wp-block-list\">\n<li><strong>Portes et entr\u00e9es de b\u00e2timents :<\/strong> Prot\u00e8ge efficacement contre les rongeurs en scellant les interstices sous les portes.<\/li>\n\n\n\n<li><strong>Cl\u00f4tures et points de passage :<\/strong> Utilisable sur les cl\u00f4tures ou dans les fissures de b\u00e9ton pour emp\u00eacher les nuisibles de p\u00e9n\u00e9trer dans les zones sensibles.<\/li>\n\n\n\n<li><strong>Programmes de gestion des nuisibles :<\/strong> Id\u00e9al pour les programmes de <strong>PEST MANAGEMENT<\/strong>, assurant une protection durable et \u00e9conomique.<\/li>\n<\/ul>\n\n\n\n<h2 class=\"wp-block-heading\"><strong>Caract\u00e9ristiques techniques<\/strong><\/h2>\n\n\n\n<ul class=\"wp-block-list\">\n<li><strong>R\u00e9f\u00e9rence produit :<\/strong> RE-ORE-08021<\/li>\n\n\n\n<li><strong>Longueur du rouleau :<\/strong> 5 m\u00e8tres<\/li>\n\n\n\n<li><strong>Hauteur :<\/strong> 75 mm<\/li>\n\n\n\n<li><strong>\u00c9paisseur :<\/strong> 2,8 mm<\/li>\n\n\n\n<li><strong>Mat\u00e9riau :<\/strong> Santoprene\u2122 renforc\u00e9 avec maillage en acier\u200b(re-ore-08021-raxit-rote\u2026)<\/li>\n<\/ul>\n\n\n\n<h2 class=\"wp-block-heading\"><strong>Mode d\u2019emploi<\/strong><\/h2>\n\n\n\n<ol class=\"wp-block-list\">\n<li><strong>D\u00e9coupe :<\/strong> Utiliser une pince coupante, un cutter ou une scie pour d\u00e9couper le joint \u00e0 la longueur souhait\u00e9e.<\/li>\n\n\n\n<li><strong>Positionnement :<\/strong> Placer le joint sur les points de passage des rongeurs, tels que les bas de portes ou les fissures dans le b\u00e9ton.<\/li>\n\n\n\n<li><strong>Fixation :<\/strong> Utiliser des vis \u00e0 t\u00eate plate, en les espa\u00e7ant de 15 cm pour une installation solide et durable.<\/li>\n\n\n\n<li><strong>Ajustement :<\/strong> S&#8217;assurer que le joint est bien ajust\u00e9 pour \u00e9viter tout frottement excessif sur le sol, ce qui pourrait r\u00e9duire sa durabilit\u00e9.<\/li>\n<\/ol>\n\n\n\n<h2 class=\"wp-block-heading\"><strong>Entretien et pr\u00e9cautions d\u2019utilisation<\/strong><\/h2>\n\n\n\n<ul class=\"wp-block-list\">\n<li><strong>Pr\u00e9cautions d\u2019installation :<\/strong> Veiller \u00e0 \u00e9viter un frottement excessif du joint sur le sol pour maximiser sa durabilit\u00e9.<\/li>\n\n\n\n<li><strong>Entretien minimal :<\/strong> V\u00e9rifier r\u00e9guli\u00e8rement l\u2019\u00e9tat du joint pour s&#8217;assurer qu&#8217;il reste en bon \u00e9tat et qu&#8217;aucun ajustement n&#8217;est n\u00e9cessaire.<\/li>\n<\/ul>\n","protected":false},"excerpt":{"rendered":"<p>Le Joint de Porte Rotech\u00ae, \u00e9galement appel\u00e9 bande d\u00e9couplable RAXIT, est un joint d\u2019\u00e9tanch\u00e9it\u00e9 brevet\u00e9 con\u00e7u pour bloquer l\u2019acc\u00e8s des rongeurs (rats, souris) et autres nuisibles \u00e0 vos b\u00e2timents. Ce joint est fabriqu\u00e9 \u00e0 partir de Santoprene\u2122, un mat\u00e9riau flexible et durable, renforc\u00e9 par un maillage de fils d\u2019acier. Gr\u00e2ce \u00e0 cette combinaison, le joint [&hellip;]<\/p>\n","protected":false},"featured_media":7184,"comment_status":"open","ping_status":"closed","template":"","meta":[],"product_brand":[],"product_cat":[359],"product_tag":[],"class_list":{"0":"post-7183","1":"product","2":"type-product","3":"status-publish","4":"has-post-thumbnail","6":"product_cat-barriere-anti-rongeurs","8":"first","9":"instock","10":"taxable","11":"shipping-taxable","12":"purchasable","13":"product-type-simple"},"_links":{"self":[{"href":"https:\/\/www.ban-idf.com\/boutique\/wp-json\/wp\/v2\/product\/7183","targetHints":{"allow":["GET"]}}],"collection":[{"href":"https:\/\/www.ban-idf.com\/boutique\/wp-json\/wp\/v2\/product"}],"about":[{"href":"https:\/\/www.ban-idf.com\/boutique\/wp-json\/wp\/v2\/types\/product"}],"replies":[{"embeddable":true,"href":"https:\/\/www.ban-idf.com\/boutique\/wp-json\/wp\/v2\/comments?post=7183"}],"wp:featuredmedia":[{"embeddable":true,"href":"https:\/\/www.ban-idf.com\/boutique\/wp-json\/wp\/v2\/media\/7184"}],"wp:attachment":[{"href":"https:\/\/www.ban-idf.com\/boutique\/wp-json\/wp\/v2\/media?parent=7183"}],"wp:term":[{"taxonomy":"product_brand","embeddable":true,"href":"https:\/\/www.ban-idf.com\/boutique\/wp-json\/wp\/v2\/product_brand?post=7183"},{"taxonomy":"product_cat","embeddable":true,"href":"https:\/\/www.ban-idf.com\/boutique\/wp-json\/wp\/v2\/product_cat?post=7183"},{"taxonomy":"product_tag","embeddable":true,"href":"https:\/\/www.ban-idf.com\/boutique\/wp-json\/wp\/v2\/product_tag?post=7183"}],"curies":[{"name":"wp","href":"https:\/\/api.w.org\/{rel}","templated":true}]}}