{"id":6155,"date":"2024-03-14T23:03:33","date_gmt":"2024-03-14T22:03:33","guid":{"rendered":"https:\/\/www.ban-idf.com\/boutique\/?post_type=product&#038;p=6155"},"modified":"2024-10-03T16:51:08","modified_gmt":"2024-10-03T14:51:08","slug":"tapette-pour-rats-en-bois","status":"publish","type":"product","link":"https:\/\/www.ban-idf.com\/boutique\/produit\/tapette-pour-rats-en-bois\/","title":{"rendered":"Tapette pour rats en bois"},"content":{"rendered":"<h2>On ne vous pr\u00e9sente plus la mythique tapette pour rats en bois<\/h2>\n<p>La <strong>Tapette pour Rats en Bois<\/strong> repr\u00e9sente une approche classique mais toujours aussi efficace dans la lutte contre les infestations de rats. Con\u00e7ue pour offrir une solution pratique et \u00e0 la port\u00e9e de tous, cette tapette combine la robustesse du bois et du m\u00e9tal pour garantir une utilisation durable et des r\u00e9sultats rapides.<\/p>\n<p>Avec la tapette \u00e0 rats en bois, vous disposez d&#8217;un outil de qualit\u00e9 sup\u00e9rieure, con\u00e7u pour r\u00e9pondre efficacement \u00e0 vos probl\u00e8mes de rats.<\/p>\n<p>Dot\u00e9e d&#8217;un crochet de fixation innovant, cette tapette permet de placer une vari\u00e9t\u00e9 d&#8217;app\u00e2ts. L&#8217;utilisation de cette tapette ne se limite pas seulement \u00e0 l&#8217;\u00e9limination des nuisibles ; elle permet \u00e9galement d&#8217;identifier avec certitude les types de rongeurs pr\u00e9sents, d&#8217;\u00e9valuer l&#8217;ampleur de l&#8217;infestation et de d\u00e9terminer la strat\u00e9gie la plus adapt\u00e9e pour une extermination compl\u00e8te de la colonie.<\/p>\n<p>Facile \u00e0 mettre en place et \u00e9conomique, la <strong>Tapette pour Rats en Bois<\/strong> est une solution id\u00e9ale pour ceux qui recherchent une m\u00e9thode directe et <strong>efficace pour se d\u00e9barrasser des rats<\/strong>. Que ce soit dans un appartement, un bateau, des locaux commerciaux ou \u00e0 l&#8217;ext\u00e9rieur, cette tapette constitue une premi\u00e8re \u00e9tape cruciale dans votre <strong>strat\u00e9gie de gestion des nuisibles<\/strong>, offrant une base solide pour planifier des traitements compl\u00e9mentaires si n\u00e9cessaires.<\/p>\n<p>Investir dans la <strong>Tapette pour Rats<\/strong>\u00a0signifie choisir une solution \u00e9prouv\u00e9e et fiable pour prot\u00e9ger votre espace de vie ou de travail contre les invasions de rats, assurant ainsi tranquillit\u00e9 d&#8217;esprit et s\u00e9curit\u00e9 pour vous et votre entourage.<\/p>\n<h2>Quel app\u00e2t mettre sur ce pi\u00e8ge \u00e0 rats ?<\/h2>\n<p>Pour maximiser l&#8217;efficacit\u00e9 d&#8217;une tapette \u00e0 rats en bois, le choix de l&#8217;app\u00e2t est crucial. Les rats sont particuli\u00e8rement attir\u00e9s par les <strong>aliments riches en prot\u00e9ines et en sucre<\/strong>.<\/p>\n<p>Voici quelques suggestions d&#8217;app\u00e2ts qui ont fait leurs preuves :<\/p>\n<ul>\n<li><strong>Beurre de cacahu\u00e8te :<\/strong> Tr\u00e8s odorant et riche en graisses, le beurre de cacahu\u00e8te est tr\u00e8s attractif pour les rats et reste bien en place sur le crochet de la tapette.<\/li>\n<li><strong>Fruits secs :<\/strong> Les raisins secs, les dattes ou les abricots secs peuvent \u00eatre tr\u00e8s attrayants en raison de leur teneur en sucre. On a une pr\u00e9f\u00e9rence pour la mangue s\u00e9ch\u00e9e.<\/li>\n<\/ul>\n","protected":false},"excerpt":{"rendered":"<p>On ne vous pr\u00e9sente plus la mythique tapette pour rats en bois La Tapette pour Rats en Bois repr\u00e9sente une approche classique mais toujours aussi efficace dans la lutte contre les infestations de rats. Con\u00e7ue pour offrir une solution pratique et \u00e0 la port\u00e9e de tous, cette tapette combine la robustesse du bois et du [&hellip;]<\/p>\n","protected":false},"featured_media":6156,"comment_status":"open","ping_status":"closed","template":"","meta":[],"product_brand":[],"product_cat":[301],"product_tag":[],"class_list":{"0":"post-6155","1":"product","2":"type-product","3":"status-publish","4":"has-post-thumbnail","6":"product_cat-tapette-a-rats","8":"first","9":"instock","10":"taxable","11":"shipping-taxable","12":"purchasable","13":"product-type-simple"},"_links":{"self":[{"href":"https:\/\/www.ban-idf.com\/boutique\/wp-json\/wp\/v2\/product\/6155","targetHints":{"allow":["GET"]}}],"collection":[{"href":"https:\/\/www.ban-idf.com\/boutique\/wp-json\/wp\/v2\/product"}],"about":[{"href":"https:\/\/www.ban-idf.com\/boutique\/wp-json\/wp\/v2\/types\/product"}],"replies":[{"embeddable":true,"href":"https:\/\/www.ban-idf.com\/boutique\/wp-json\/wp\/v2\/comments?post=6155"}],"wp:featuredmedia":[{"embeddable":true,"href":"https:\/\/www.ban-idf.com\/boutique\/wp-json\/wp\/v2\/media\/6156"}],"wp:attachment":[{"href":"https:\/\/www.ban-idf.com\/boutique\/wp-json\/wp\/v2\/media?parent=6155"}],"wp:term":[{"taxonomy":"product_brand","embeddable":true,"href":"https:\/\/www.ban-idf.com\/boutique\/wp-json\/wp\/v2\/product_brand?post=6155"},{"taxonomy":"product_cat","embeddable":true,"href":"https:\/\/www.ban-idf.com\/boutique\/wp-json\/wp\/v2\/product_cat?post=6155"},{"taxonomy":"product_tag","embeddable":true,"href":"https:\/\/www.ban-idf.com\/boutique\/wp-json\/wp\/v2\/product_tag?post=6155"}],"curies":[{"name":"wp","href":"https:\/\/api.w.org\/{rel}","templated":true}]}}