{"id":5212,"date":"2023-10-12T16:38:12","date_gmt":"2023-10-12T14:38:12","guid":{"rendered":"https:\/\/www.ban-idf.com\/boutique\/?post_type=product&#038;p=5212"},"modified":"2025-05-19T20:25:24","modified_gmt":"2025-05-19T18:25:24","slug":"clac-robust-25-poison-souris-appartement","status":"publish","type":"product","link":"https:\/\/www.ban-idf.com\/boutique\/produit\/clac-robust-25-poison-souris-appartement\/","title":{"rendered":"CLAC Robust 25 un poison anti souris en appartement"},"content":{"rendered":"\n<h1 class=\"wp-block-heading\">Un poison pour les souris en appartement<\/h1>\n\n\n\n<p>La gamme <strong>AEDEX<\/strong> est remplac\u00e9e par <strong>CLAC<\/strong>. Le conditionnement change pour un rafraichissement mais le contenu est le m\u00eame !<\/p>\n\n\n\n<p>D\u00e9couvrez nos sachets de 25g contenant une p\u00e2te huil\u00e9e au <strong>dif\u00e9nacoum dos\u00e9es \u00e0 25ppm<\/strong>, sp\u00e9cialement con\u00e7us pour lutter contre les rats et les souris en zones s\u00e8ches. Cette version du poison anti souris est faite pour traiter les probl\u00e8mes de rongeurs dans les appartement.<\/p>\n\n\n\n<p>Une souris se balade la nuit chez vous, dans votre appartement et vous souhaiter \u00e9liminer toute la colonie ? Nous vous recommandons ce produit tr\u00e8s efficace !<\/p>\n\n\n\n<p>Il est aussi recommand\u00e9 pour les grenier ou les caves. Les rongeurs vont avoir mal aux ventres !<\/p>\n\n\n\n<p>Il est fortement recommand\u00e9 d&#8217;utiliser un poste d\u2019app\u00e2tage avec ce produit SI vous avec des enfants en bas \u00e2ge ou des animaux de compagnie (chien, chat ou lapin par exemple).<\/p>\n\n\n\n<p>La formule du <strong>CLAC ROBUST 25<\/strong> est innovante. Elle est irr\u00e9sistible pour les rongeurs, garantissant ainsi son efficacit\u00e9. Toutefois, il est imp\u00e9ratif d&#8217;\u00e9liminer toute concurrence alimentaire. Assurez-vous de s\u00e9curiser toute nourriture susceptible d&#8217;attirer ces nuisibles.<\/p>\n\n\n\n<p>Le <strong>CLAC ROBUST 25<\/strong> renferme le dif\u00e9nacoum, un anticoagulant puissant qui agit soit sur le syst\u00e8me nerveux, soit en augmentant consid\u00e9rablement le taux de calcium, provoquant ainsi une insuffisance r\u00e9nale ou cardiaque chez les rongeurs.<\/p>\n\n\n\n<p>Facile \u00e0 mettre en \u0153uvre, suivez nos directives pour \u00e9radiquer efficacement les rongeurs ind\u00e9sirables.<\/p>\n\n\n\n<h2 class=\"wp-block-heading\">Mode d\u2019emploi du raticide CLAC ROBUST 25<\/h2>\n\n\n\n<p>Destin\u00e9 <strong>exclusivement aux rats et souris<\/strong> (vous ne tuerez pas des cafards avec), ce poison doit \u00eatre plac\u00e9 dans des stations d\u2019app\u00e2ts s\u00e9curis\u00e9es pour prot\u00e9ger vos animaux de compagnie. Pour une action optimale, ins\u00e9rez 2 sachets dans un poste d&#8217;app\u00e2tage, tout en portant des gants. Pour masquer toute odeur humaine, un spray au caramel est conseill\u00e9.<\/p>\n\n\n\n<h3 class=\"wp-block-heading\">Conseils de placement :<\/h3>\n\n\n\n<p>Le <strong>CLAC ROBUST 25<\/strong> est recommand\u00e9 pour les zones sans humidit\u00e9. Il est tr\u00e8s efficace pour \u00e9radiquer une infestation de souris en appartement.<\/p>\n\n\n\n<ul class=\"wp-block-list\">\n<li><strong>En int\u00e9rieur :<\/strong> 2m entre chaque poste, privil\u00e9giez les endroits dissimul\u00e9s.<\/li>\n\n\n\n<li><strong>En ext\u00e9rieur :<\/strong> 5m entre chaque poste, \u00e9loignez-les des poubelles pour \u00e9viter la concurrence alimentaire.<br>Inspectez r\u00e9guli\u00e8rement : tous les 3 jours pour les souris, 10 jours pour les rats.<\/li>\n<\/ul>\n\n\n\n<h2 class=\"wp-block-heading\">En combien de temps agit un souricide ?<\/h2>\n\n\n\n<p>L&#8217;action du poison est progressive, <strong>la mort survient entre 5 \u00e0 6 jours<\/strong>. Il est possible que vous continuiez \u00e0 voir des rongeurs pendant le traitement. Soyez vigilant aux cadavres, qui peuvent d\u00e9gager une odeur forte. Ne permettez pas \u00e0 vos animaux d&#8217;y toucher et disposez-en correctement.<\/p>\n\n\n\n<p>Pour maximiser l&#8217;efficacit\u00e9 du <strong>CLAC ROBUST 25<\/strong>, combinez-le avec les <a href=\"https:\/\/www.ban-idf.com\/boutique\/produit\/tapette-a-souris-gorilla-trap\/\">tapettes \u00e0 souris Gorilla Trap<\/a>. Notez qu&#8217;il n&#8217;est pas n\u00e9cessaire d&#8217;ajouter du poison sur ces tapettes \u00e0 souris.<\/p>\n\n\n\n<h3 class=\"wp-block-heading\">Composition du poison :<\/h3>\n\n\n\n<p>0,0025% p\/p de dif\u00e9nacoum dans une p\u00e2te huil\u00e9e, avec un agent am\u00e9risant.<\/p>\n\n\n\n<h3 class=\"wp-block-heading\">Conditionnement :<\/h3>\n\n\n\n<p>Disponible en bo\u00eetes de 12 paquets de 300g.<\/p>\n\n\n\n<h3 class=\"wp-block-heading\">Avertissement :<\/h3>\n\n\n\n<p>Ce produit peut causer des dommages graves aux organes (sang) en cas d&#8217;exposition prolong\u00e9e. En cas d&#8217;urgence, pr\u00e9sentez l&#8217;emballage ou l&#8217;\u00e9tiquette au m\u00e9decin. Gardez hors de port\u00e9e des enfants. En cas de malaise, consultez un m\u00e9decin.<\/p>\n\n\n\n<p>La mise au rebut doit se faire dans un centre sp\u00e9cialis\u00e9 conform\u00e9ment \u00e0 la r\u00e9glementation locale.<\/p>\n\n\n\n<p class=\"has-text-align-center\"><span style=\"color: #ff0000;\"><strong>Centres Anti poison : INRS 01 45 42 59 59.<\/strong><\/span><\/p>\n\n\n\n<p>&nbsp;<\/p>\n","protected":false},"excerpt":{"rendered":"<p>Un poison pour les souris en appartement La gamme AEDEX est remplac\u00e9e par CLAC. Le conditionnement change pour un rafraichissement mais le contenu est le m\u00eame ! D\u00e9couvrez nos sachets de 25g contenant une p\u00e2te huil\u00e9e au dif\u00e9nacoum dos\u00e9es \u00e0 25ppm, sp\u00e9cialement con\u00e7us pour lutter contre les rats et les souris en zones s\u00e8ches. Cette [&hellip;]<\/p>\n","protected":false},"featured_media":5791,"comment_status":"open","ping_status":"closed","template":"","meta":[],"product_brand":[],"product_cat":[291],"product_tag":[220,221],"class_list":{"0":"post-5212","1":"product","2":"type-product","3":"status-publish","4":"has-post-thumbnail","6":"product_cat-souricide","7":"product_tag-poison-rat","8":"product_tag-poison-souris","10":"first","11":"instock","12":"taxable","13":"shipping-taxable","14":"purchasable","15":"product-type-simple"},"_links":{"self":[{"href":"https:\/\/www.ban-idf.com\/boutique\/wp-json\/wp\/v2\/product\/5212","targetHints":{"allow":["GET"]}}],"collection":[{"href":"https:\/\/www.ban-idf.com\/boutique\/wp-json\/wp\/v2\/product"}],"about":[{"href":"https:\/\/www.ban-idf.com\/boutique\/wp-json\/wp\/v2\/types\/product"}],"replies":[{"embeddable":true,"href":"https:\/\/www.ban-idf.com\/boutique\/wp-json\/wp\/v2\/comments?post=5212"}],"wp:featuredmedia":[{"embeddable":true,"href":"https:\/\/www.ban-idf.com\/boutique\/wp-json\/wp\/v2\/media\/5791"}],"wp:attachment":[{"href":"https:\/\/www.ban-idf.com\/boutique\/wp-json\/wp\/v2\/media?parent=5212"}],"wp:term":[{"taxonomy":"product_brand","embeddable":true,"href":"https:\/\/www.ban-idf.com\/boutique\/wp-json\/wp\/v2\/product_brand?post=5212"},{"taxonomy":"product_cat","embeddable":true,"href":"https:\/\/www.ban-idf.com\/boutique\/wp-json\/wp\/v2\/product_cat?post=5212"},{"taxonomy":"product_tag","embeddable":true,"href":"https:\/\/www.ban-idf.com\/boutique\/wp-json\/wp\/v2\/product_tag?post=5212"}],"curies":[{"name":"wp","href":"https:\/\/api.w.org\/{rel}","templated":true}]}}