{"id":4822,"date":"2023-06-27T21:13:46","date_gmt":"2023-06-27T19:13:46","guid":{"rendered":"https:\/\/www.ban-idf.com\/boutique\/?post_type=product&#038;p=4822"},"modified":"2025-05-19T20:36:48","modified_gmt":"2025-05-19T18:36:48","slug":"recharge-pour-diffuseur-automatique-vola-clac","status":"publish","type":"product","link":"https:\/\/www.ban-idf.com\/boutique\/produit\/recharge-pour-diffuseur-automatique-vola-clac\/","title":{"rendered":"Recharge pour diffuseur automatique VOLA CLAC"},"content":{"rendered":"\n<h2 class=\"wp-block-heading\">A\u00e9rosol insecticide moucherons, pour diffuseur automatique, VOLA-CLAC<\/h2>\n\n\n\n<p>Optez pour <strong>VOLA-CLAC<\/strong>, l&#8217;a\u00e9rosol insecticide sp\u00e9cialement con\u00e7u pour les diffuseurs automatiques. Cette recharge de 250 ml est parfaite pour votre <a href=\"https:\/\/www.ban-idf.com\/boutique\/produit\/diffuseur-automatique-protecta-insecticide\/\">diffuseur de la marque PROTECTA<\/a> et vous permettra de lutter efficacement contre les insectes volants. Si votre maison est envahie par des mouches ou des moustiques profitant des beaux jours, ne cherchez plus !<\/p>\n\n\n<div class=\"wp-block-image\">\n<figure class=\"aligncenter\"><img fetchpriority=\"high\" decoding=\"async\" width=\"451\" height=\"451\" src=\"https:\/\/www.ban-idf.com\/boutique\/wp-content\/uploads\/2022\/05\/attention.svg\" alt=\"\" class=\"wp-image-5899\" srcset=\"https:\/\/www.ban-idf.com\/boutique\/wp-content\/uploads\/\/2022\/05\/attention.svg 150w, https:\/\/www.ban-idf.com\/boutique\/wp-content\/uploads\/\/2022\/05\/attention.svg 300w, https:\/\/www.ban-idf.com\/boutique\/wp-content\/uploads\/\/2022\/05\/attention.svg 1024w, https:\/\/www.ban-idf.com\/boutique\/wp-content\/uploads\/\/2022\/05\/attention.svg 451w\" sizes=\"(max-width: 451px) 100vw, 451px\" \/><\/figure>\n<\/div>\n\n\n<p><\/p>\n\n\n\n<p class=\"has-text-align-center\"><strong>Cet insecticide tue moucherons est une recharge pour le diffuseur automatique !<\/strong><\/p>\n\n\n\n<h2 class=\"wp-block-heading\">Passez un \u00e9t\u00e9 paisible sans moucherons<\/h2>\n\n\n\n<p><strong>VOLA-CLAC<\/strong> est sp\u00e9cialement formul\u00e9 pour traiter les insectes volants. Avec cette recharge, vous pourrez enfin profiter d&#8217;un \u00e9t\u00e9 paisible, sans les d\u00e9sagr\u00e9ments caus\u00e9s par ces nuisibles. Que ce soit les mouches, les moucherons, les moustiques, les mites alimentaires ou vestimentaires, <strong>VOLA-CLAC<\/strong> \u00e9liminera tous ces insectes g\u00eanants.<\/p>\n\n\n\n<h2 class=\"wp-block-heading\">Comment l&#8217;utiliser<\/h2>\n\n\n\n<p>Gr\u00e2ce \u00e0 une utilisation minimale du diffuseur, la recharge <strong>VOLA-CLAC<\/strong> vous offre une action prolong\u00e9e pendant 9 semaines. Il vous suffit de programmer le diffuseur pour qu&#8217;il d\u00e9livre 4 impulsions par heure, 10 heures par jour.<\/p>\n\n\n\n<p>Son utilisation est simple : ins\u00e9rez la recharge dans le diffuseur et ajustez le dosage \u00e0 l&#8217;aide de la t\u00e9l\u00e9commande. Placez le bloc en hauteur, loin des fen\u00eatres ou des portes ext\u00e9rieures, pour une diffusion optimale.<\/p>\n\n\n\n<h2 class=\"wp-block-heading\">Composition<\/h2>\n\n\n\n<p>Pyr\u00e8thre Naturel \u00e0 50% (18 g\/kg) &#8211; N\u00b0CAS 8003-34-7<br>T\u00e9tram\u00e9thrine (5 g\/kg) &#8211; N\u00b0CAS 7696-12-0<br>PBO (70 g\/kg) &#8211; N\u00b0CAS 51-03-6<br>Solvants et gaz propulseurs : qsp \u00e0 100%<\/p>\n","protected":false},"excerpt":{"rendered":"<p>A\u00e9rosol insecticide moucherons, pour diffuseur automatique, VOLA-CLAC Optez pour VOLA-CLAC, l&#8217;a\u00e9rosol insecticide sp\u00e9cialement con\u00e7u pour les diffuseurs automatiques. Cette recharge de 250 ml est parfaite pour votre diffuseur de la marque PROTECTA et vous permettra de lutter efficacement contre les insectes volants. Si votre maison est envahie par des mouches ou des moustiques profitant des [&hellip;]<\/p>\n","protected":false},"featured_media":5779,"comment_status":"open","ping_status":"closed","template":"","meta":[],"product_brand":[],"product_cat":[313],"product_tag":[],"class_list":{"0":"post-4822","1":"product","2":"type-product","3":"status-publish","4":"has-post-thumbnail","6":"product_cat-insecticide-moucherons","8":"first","9":"instock","10":"taxable","11":"shipping-taxable","12":"purchasable","13":"product-type-simple"},"_links":{"self":[{"href":"https:\/\/www.ban-idf.com\/boutique\/wp-json\/wp\/v2\/product\/4822","targetHints":{"allow":["GET"]}}],"collection":[{"href":"https:\/\/www.ban-idf.com\/boutique\/wp-json\/wp\/v2\/product"}],"about":[{"href":"https:\/\/www.ban-idf.com\/boutique\/wp-json\/wp\/v2\/types\/product"}],"replies":[{"embeddable":true,"href":"https:\/\/www.ban-idf.com\/boutique\/wp-json\/wp\/v2\/comments?post=4822"}],"wp:featuredmedia":[{"embeddable":true,"href":"https:\/\/www.ban-idf.com\/boutique\/wp-json\/wp\/v2\/media\/5779"}],"wp:attachment":[{"href":"https:\/\/www.ban-idf.com\/boutique\/wp-json\/wp\/v2\/media?parent=4822"}],"wp:term":[{"taxonomy":"product_brand","embeddable":true,"href":"https:\/\/www.ban-idf.com\/boutique\/wp-json\/wp\/v2\/product_brand?post=4822"},{"taxonomy":"product_cat","embeddable":true,"href":"https:\/\/www.ban-idf.com\/boutique\/wp-json\/wp\/v2\/product_cat?post=4822"},{"taxonomy":"product_tag","embeddable":true,"href":"https:\/\/www.ban-idf.com\/boutique\/wp-json\/wp\/v2\/product_tag?post=4822"}],"curies":[{"name":"wp","href":"https:\/\/api.w.org\/{rel}","templated":true}]}}