{"id":4227,"date":"2023-02-27T20:27:39","date_gmt":"2023-02-27T19:27:39","guid":{"rendered":"https:\/\/www.ban-idf.com\/boutique\/?post_type=product&#038;p=4227"},"modified":"2024-10-03T16:51:13","modified_gmt":"2024-10-03T14:51:13","slug":"canule-et-poussoir-pour-seringue-anti-cafards","status":"publish","type":"product","link":"https:\/\/www.ban-idf.com\/boutique\/produit\/canule-et-poussoir-pour-seringue-anti-cafards\/","title":{"rendered":"Canule et poussoir pour seringue anti cafards"},"content":{"rendered":"<h2 style=\"text-align: left;\">Accessoires pour utiliser une gel anti cafards ou anti fourmis<\/h2>\n<p>Vous avez des cafards dans votre cuisine et vous cherchez \u00e0 vous en d\u00e9barrasser ? Nous allons vous aider !<\/p>\n<h2>Il vous faut d\u00e9j\u00e0 un gel anti cafards puissant<\/h2>\n<p>En tant qu&#8217;expert anti nuisibles, je peux vous dire que les cafards peuvent \u00eatre une plaie difficile \u00e0 \u00e9radiquer sans l&#8217;aide d&#8217;outils appropri\u00e9s. Les seringues anti cafards sont des dispositifs pratiques et efficaces pour lutter contre ces insectes ind\u00e9sirables dans une cuisine.<\/p>\n<p>Elles permettent d&#8217;appliquer pr\u00e9cis\u00e9ment un insecticide dans les endroits o\u00f9 les cafards se cachent, tels que les fissures et les crevasses, les coins sombres, les armoires, les placards, l&#8217;\u00e9lectrom\u00e9nager, etc.<\/p>\n<p>Les seringues anti cafards sont faciles \u00e0 utiliser, m\u00eame pour les non-professionnels, et elles permettent de traiter rapidement les zones infest\u00e9es en seulement quelques semaines (comptez 3 semaines).<\/p>\n<p>Les insecticides contenus dans les seringues anti cafards sont con\u00e7us pour agir rapidement et efficacement contre les cafards, ce qui permet de r\u00e9duire consid\u00e9rablement leur population et d&#8217;\u00e9viter leur propagation.<\/p>\n<p style=\"text-align: center;\">D\u00e9couvrir nos seringue anti cafards : <a href=\"https:\/\/www.ban-idf.com\/boutique\/etiquette-produit\/gel-anti-cafards-puissant\/\">Gel anti cafards puissant<\/a><\/p>\n<h2>Un pack contenant une canule et un poussoir pour votre seringue anti cafards<\/h2>\n<p>Ce pack contient une canule et un poussoir en plastique con\u00e7us sp\u00e9cialement pour une utilisation avec une seringue anti cafards. La canule permet de diriger pr\u00e9cis\u00e9ment l&#8217;insecticide dans les endroits difficiles d&#8217;acc\u00e8s, tels que les fissures \u00e9troites et les interstices.<\/p>\n<p>Le poussoir est \u00e9galement con\u00e7u pour une utilisation facile et pratique, en permettant une application pr\u00e9cise et contr\u00f4l\u00e9e de l&#8217;insecticide. Ce pack est id\u00e9al pour les propri\u00e9taires ou les professionnels qui cherchent \u00e0 \u00e9radiquer les cafards de mani\u00e8re efficace et cibl\u00e9e.<\/p>\n<h2>Conditionnement<\/h2>\n<p>Le pack est livr\u00e9 en vrac et surtout n&#8217;est pas vendu avec la seringue qui est disponible ici : <a href=\"https:\/\/www.ban-idf.com\/boutique\/etiquette-produit\/gel-anti-cafards-puissant\/\">produit anti cafard Aedex<\/a><\/p>\n","protected":false},"excerpt":{"rendered":"<p>Accessoires pour utiliser une gel anti cafards ou anti fourmis Vous avez des cafards dans votre cuisine et vous cherchez \u00e0 vous en d\u00e9barrasser ? Nous allons vous aider ! Il vous faut d\u00e9j\u00e0 un gel anti cafards puissant En tant qu&#8217;expert anti nuisibles, je peux vous dire que les cafards peuvent \u00eatre une plaie [&hellip;]<\/p>\n","protected":false},"featured_media":5672,"comment_status":"open","ping_status":"closed","template":"","meta":[],"product_brand":[],"product_cat":[311],"product_tag":[],"class_list":{"0":"post-4227","1":"product","2":"type-product","3":"status-publish","4":"has-post-thumbnail","6":"product_cat-gel-anti-cafards","8":"first","9":"instock","10":"taxable","11":"shipping-taxable","12":"purchasable","13":"product-type-simple"},"_links":{"self":[{"href":"https:\/\/www.ban-idf.com\/boutique\/wp-json\/wp\/v2\/product\/4227","targetHints":{"allow":["GET"]}}],"collection":[{"href":"https:\/\/www.ban-idf.com\/boutique\/wp-json\/wp\/v2\/product"}],"about":[{"href":"https:\/\/www.ban-idf.com\/boutique\/wp-json\/wp\/v2\/types\/product"}],"replies":[{"embeddable":true,"href":"https:\/\/www.ban-idf.com\/boutique\/wp-json\/wp\/v2\/comments?post=4227"}],"wp:featuredmedia":[{"embeddable":true,"href":"https:\/\/www.ban-idf.com\/boutique\/wp-json\/wp\/v2\/media\/5672"}],"wp:attachment":[{"href":"https:\/\/www.ban-idf.com\/boutique\/wp-json\/wp\/v2\/media?parent=4227"}],"wp:term":[{"taxonomy":"product_brand","embeddable":true,"href":"https:\/\/www.ban-idf.com\/boutique\/wp-json\/wp\/v2\/product_brand?post=4227"},{"taxonomy":"product_cat","embeddable":true,"href":"https:\/\/www.ban-idf.com\/boutique\/wp-json\/wp\/v2\/product_cat?post=4227"},{"taxonomy":"product_tag","embeddable":true,"href":"https:\/\/www.ban-idf.com\/boutique\/wp-json\/wp\/v2\/product_tag?post=4227"}],"curies":[{"name":"wp","href":"https:\/\/api.w.org\/{rel}","templated":true}]}}