{"id":378,"date":"2021-10-21T00:33:06","date_gmt":"2021-10-20T22:33:06","guid":{"rendered":"https:\/\/www.ban-idf.com\/boutique\/?post_type=product&#038;p=378"},"modified":"2026-03-25T13:11:41","modified_gmt":"2026-03-25T12:11:41","slug":"insecticide-aedex-ec-100ml","status":"publish","type":"product","link":"https:\/\/www.ban-idf.com\/boutique\/produit\/insecticide-aedex-ec-100ml\/","title":{"rendered":"Aedex EC 100ml"},"content":{"rendered":"\n<h2 class=\"wp-block-heading\">\ud83d\ude42 L&#8217;Aedex EC 100ml un insecticide efficace sur les punaises de lits, blattes, puces &#8230;<\/h2>\n\n\n\n<p>L&#8217;<strong>Aedex EC<\/strong> est un <strong>insecticide concentr\u00e9 \u00e9mulsionnable<\/strong> poss\u00e9dant une longue r\u00e9manence (\u00e0 diluer avec de l&#8217;eau froide) que nos experts utilisent tr\u00e8s souvent. Il poss\u00e8de un large spectre, et l&#8217;association de pyr\u00e9thrino\u00efdes le rend efficace contre les <strong>puces<\/strong>, les <strong>punaises de lit<\/strong>, les <strong>blattes<\/strong>, les <strong>fourmis<\/strong>, les <strong>puces de parquet<\/strong>, les <strong>araign\u00e9es<\/strong>, et tous les autres <strong>insectes nuisibles rampants et volants<\/strong>.<\/p>\n\n\n<div class=\"wp-block-image\">\n<figure class=\"aligncenter size-full is-resized\"><img fetchpriority=\"high\" decoding=\"async\" width=\"512\" height=\"512\" src=\"https:\/\/www.ban-idf.com\/boutique\/wp-content\/uploads\/2021\/10\/top-10.png\" alt=\"top 10\" class=\"wp-image-7563\" style=\"width:120px\" srcset=\"https:\/\/www.ban-idf.com\/boutique\/wp-content\/uploads\/2021\/10\/top-10.png 512w, https:\/\/www.ban-idf.com\/boutique\/wp-content\/uploads\/2021\/10\/top-10-300x300.png 300w, https:\/\/www.ban-idf.com\/boutique\/wp-content\/uploads\/2021\/10\/top-10-150x150.png 150w, https:\/\/www.ban-idf.com\/boutique\/wp-content\/uploads\/2021\/10\/top-10-500x500.png 500w, https:\/\/www.ban-idf.com\/boutique\/wp-content\/uploads\/2021\/10\/top-10-100x100.png 100w\" sizes=\"(max-width: 512px) 100vw, 512px\" \/><\/figure>\n<\/div>\n\n\n<p>Nous vous proposons cet insecticide au format d\u00e9di\u00e9 aux amateurs : la version 100 ml :).<\/p>\n\n\n\n<p>Ce produit a un effet choc imm\u00e9diat au contact des <strong>insectes rampants et volants<\/strong>. Ainsi, il n&#8217;est pas n\u00e9cessaire &#8220;d&#8217;arroser&#8221; votre cuisine (dans le cas d&#8217;une infestation de <strong>cafards<\/strong>) ; une petite pulv\u00e9risation de cet insecticide dans les zones strat\u00e9giques \u2014 derri\u00e8re le four, la machine \u00e0 laver, le r\u00e9frig\u00e9rateur et sous l&#8217;\u00e9vier \u2014 suffit.<\/p>\n\n\n\n<p>Pour les <strong>punaises de lit<\/strong>, cet <strong>insecticide \u00e9mulsionnable<\/strong> doit \u00eatre pulv\u00e9ris\u00e9 sur les t\u00eates de lit, sommiers, et autour des pieds du lit. Pensez \u00e0 en mettre \u00e9galement sur les plinthes, les contours de fen\u00eatres et dans les armoires. Bref, un traitement de surface de tout le mobilier proche du lit. Ne pas pulv\u00e9riser le matelas !<\/p>\n\n\n\n<p>\u00c9vitez d&#8217;en appliquer sur les prises \u00e9lectriques, privil\u00e9giez la <strong>terre de diatom\u00e9e<\/strong>, qui est moins risqu\u00e9e.<\/p>\n\n\n\n<h2 class=\"wp-block-heading\">\u2694\ufe0f Eradiquer les punaises de lit &#8230;<\/h2>\n\n\n\n<p>Vous avez une infestation de <strong>punaises de lit<\/strong> ? Ne vous posez pas de questions, le temps est pr\u00e9cieux. Vous cherchez o\u00f9 acheter de l&#8217;Aedex EC ? Nous en avons toujours en stock, car nous l&#8217;utilisons tous les jours !<\/p>\n\n\n<div class=\"wp-block-image is-style-default wp-duotone-unset-1\">\n<figure class=\"aligncenter size-full is-resized\"><img decoding=\"async\" width=\"900\" height=\"600\" src=\"https:\/\/www.ban-idf.com\/boutique\/wp-content\/uploads\/2024\/01\/aedex-ec-100ml-pour-desinsectisation-punaise-de-lit.webp\" alt=\"aedex ec 100ml pour d\u00e9sinsectisation punaise de lit\" class=\"wp-image-5735\" style=\"aspect-ratio:16\/9;object-fit:cover;width:600px\" srcset=\"https:\/\/www.ban-idf.com\/boutique\/wp-content\/uploads\/2024\/01\/aedex-ec-100ml-pour-desinsectisation-punaise-de-lit.webp 900w, https:\/\/www.ban-idf.com\/boutique\/wp-content\/uploads\/2024\/01\/aedex-ec-100ml-pour-desinsectisation-punaise-de-lit-600x400.webp 600w, https:\/\/www.ban-idf.com\/boutique\/wp-content\/uploads\/2024\/01\/aedex-ec-100ml-pour-desinsectisation-punaise-de-lit-300x200.webp 300w, https:\/\/www.ban-idf.com\/boutique\/wp-content\/uploads\/2024\/01\/aedex-ec-100ml-pour-desinsectisation-punaise-de-lit-768x512.webp 768w\" sizes=\"(max-width: 900px) 100vw, 900px\" \/><figcaption class=\"wp-element-caption\">Aedex EC 100ml disponible \u00e0 la vente ici !<\/figcaption><\/figure>\n<\/div>\n\n\n<h2 class=\"wp-block-heading\">\ud83e\uddea Comment pr\u00e9parer et utiliser l&#8217;Aedex EC ?<\/h2>\n\n\n\n<p>L&#8217;<strong>Aedex Ec<\/strong> poss\u00e9de une <strong>r\u00e9manence <\/strong>dans le temps. Le fabriquant annonce 3 semaines, selon nous \u00e7a ne d\u00e9passe pas les 15 jours (retour sur exp\u00e9rience).<\/p>\n\n\n\n<p>L&#8217;<strong>Aedex Ec<\/strong> ne tache pas. Vous pouvez, si vous avez des puces ou des punaises de lit, traiter : les canap\u00e9s, coussins, rideaux, murs. Evitez d&#8217;en mettre sur les matelas.<\/p>\n\n\n\n<p>L&#8217;utilisation de l&#8217;<strong>Aedex EC&nbsp;<\/strong>n&#8217;est pas compliqu\u00e9e, il suffit de suivre nos recommandations :<\/p>\n\n\n\n<ol class=\"wp-block-list\">\n<li>Le port d&#8217;un masque faciale.<\/li>\n\n\n\n<li>Prot\u00e9gez vos mains en portant des gants en latex.<\/li>\n\n\n\n<li>Une protection pour les yeux (lunettes de protections en plastique) est n\u00e9cessaire.<\/li>\n\n\n\n<li>Ne pas pulv\u00e9riser les prises \u00e9lectriques (nous vous rappelons que l&#8217;<strong>Aedex Ec<\/strong> est dilu\u00e9 avec de l&#8217;eau) et \u00e9viter de faire des flaques. Une petite couche d&#8217;insecticide suffit !<\/li>\n\n\n\n<li><strong>Prot\u00e9ger<\/strong> les plantes, les aquariums.<\/li>\n\n\n\n<li>Sortir les adultes, les enfants et les animaux des lieux, <strong>durant<\/strong> le traitement.<\/li>\n\n\n\n<li>Pr\u00e9voir au moins, <strong>4h d&#8217;\u00e9vacuations<\/strong> des lieux pour le temps de s\u00e9chage.<\/li>\n\n\n\n<li>Pr\u00e9voir <strong>1h de ventilation<\/strong> (ouvrir les fen\u00eatres).<\/li>\n\n\n\n<li>Ne pas passer la <strong>serpilli\u00e8re<\/strong> et ni le balais <strong>pendant 15 jours<\/strong>, le temps que le produit fasse son effet.<\/li>\n\n\n\n<li>Vous pouvez conserver &#8220;la bouillie&#8221; dans le pulv\u00e9risateur pendant des semaines, \u00e0 l&#8217;abris du soleil et de la chaleur.<\/li>\n\n\n\n<li>Respectez le dosage ! <strong>Diluer 100ml avec 5L<\/strong> d&#8217;eau froide dans un pulv\u00e9risateur de jardin (<a href=\"https:\/\/www.leroymerlin.fr\/produits\/terrasse-jardin\/gazon-plante-potager\/pulverisateur-de-jardin-et-accessoires\/pulverisateur-de-jardin\/pulverisateur-a-pression-gloria-prima-5l-82637082.html\" target=\"_blank\" rel=\"noopener noreferrer\">celui-ci fera l&#8217;affaire<\/a>). Avec cette quantit\u00e9, vous pourrez traiter 100m2.<\/li>\n<\/ol>\n\n\n<div class=\"wp-block-image\">\n<figure class=\"aligncenter size-full is-resized\"><img decoding=\"async\" width=\"600\" height=\"800\" src=\"https:\/\/www.ban-idf.com\/boutique\/wp-content\/uploads\/2021\/10\/aedex-ec-100ml-3.webp\" alt=\"aedex ec 100ml\" class=\"wp-image-4248\" style=\"aspect-ratio:16\/9;object-fit:cover;width:600px\" srcset=\"https:\/\/www.ban-idf.com\/boutique\/wp-content\/uploads\/2021\/10\/aedex-ec-100ml-3.webp 600w, https:\/\/www.ban-idf.com\/boutique\/wp-content\/uploads\/2021\/10\/aedex-ec-100ml-3-225x300.webp 225w\" sizes=\"(max-width: 600px) 100vw, 600px\" \/><figcaption class=\"wp-element-caption\">Le bouchon du flacon de l&#8217;Aedex Ec peut contenir 10ml.<\/figcaption><\/figure>\n<\/div>\n\n<div class=\"wp-block-image\">\n<figure class=\"aligncenter size-full is-resized\"><img loading=\"lazy\" decoding=\"async\" width=\"500\" height=\"667\" src=\"https:\/\/www.ban-idf.com\/boutique\/wp-content\/uploads\/2023\/03\/traitement-chimique-aedex-ec-punaises-de-lit.webp\" alt=\"aedex ec pulv\u00e9risation\" class=\"wp-image-4602\" style=\"width:450px;height:auto\" srcset=\"https:\/\/www.ban-idf.com\/boutique\/wp-content\/uploads\/2023\/03\/traitement-chimique-aedex-ec-punaises-de-lit.webp 500w, https:\/\/www.ban-idf.com\/boutique\/wp-content\/uploads\/2023\/03\/traitement-chimique-aedex-ec-punaises-de-lit-225x300.webp 225w\" sizes=\"(max-width: 500px) 100vw, 500px\" \/><figcaption class=\"wp-element-caption\">Traitez les punaises de lit avec de l&#8217;Aedex EC<\/figcaption><\/figure>\n<\/div>\n\n\n<p>Apr\u00e8s avoir effectuer votre traitement de surface, respectez cette consigne : ne pas nettoyer les zones trait\u00e9es ! Evitez de passer le balais ou \u00e0 la serpill\u00e8re. Vous risquez d&#8217;enlever la pellicule d&#8217;insecticide. Au bout des 15 jours, contr\u00f4ler si des insectes sont encore pr\u00e9sent (pr\u00e9sence visuelle, piqures de punaises de lit, etc).<\/p>\n\n\n\n<p>Pulv\u00e9riser une seconde fois dans le cas d&#8217;une infestation de punaises de lit.<\/p>\n\n\n\n<p class=\"has-vivid-red-color has-text-color has-link-color wp-elements-7e8255bc08c02e663da90f2706c8a718\"><em><strong>Mise \u00e0 jour 13\/10\/2023 : Nous avons con\u00e7u une page pour vous : <a href=\"https:\/\/www.ban-idf.com\/boutique\/traiter-les-punaises-de-lit-avec-de-laedex-ec\/\">Comment traiter les punaises de lit avec de l&#8217;Aedex EC 100ml ?<\/a><\/strong><\/em><\/p>\n\n\n<div class=\"wp-block-image\">\n<figure class=\"aligncenter size-full is-resized\"><img loading=\"lazy\" decoding=\"async\" width=\"1000\" height=\"563\" src=\"https:\/\/www.ban-idf.com\/boutique\/wp-content\/uploads\/2021\/10\/aedex-ec-100ml-et-RCI-2000-1.webp\" alt=\"aedex ec 100ml, un pulv\u00e9risateur et 2 RCI 2000\" class=\"wp-image-7562\" style=\"aspect-ratio:16\/9;object-fit:cover;width:600px\" srcset=\"https:\/\/www.ban-idf.com\/boutique\/wp-content\/uploads\/2021\/10\/aedex-ec-100ml-et-RCI-2000-1.webp 1000w, https:\/\/www.ban-idf.com\/boutique\/wp-content\/uploads\/2021\/10\/aedex-ec-100ml-et-RCI-2000-1-300x169.webp 300w, https:\/\/www.ban-idf.com\/boutique\/wp-content\/uploads\/2021\/10\/aedex-ec-100ml-et-RCI-2000-1-768x432.webp 768w, https:\/\/www.ban-idf.com\/boutique\/wp-content\/uploads\/2021\/10\/aedex-ec-100ml-et-RCI-2000-1-600x338.webp 600w\" sizes=\"(max-width: 1000px) 100vw, 1000px\" \/><figcaption class=\"wp-element-caption\">Aedex Ec &#8211; Existe en pack avec pulv\u00e9risateur et a\u00e9rosol RCI 2000<\/figcaption><\/figure>\n<\/div>\n\n\n<p class=\"has-text-align-left has-vivid-red-color has-text-color has-link-color wp-elements-070f1233343d627c1d50114dbaeca8d9\"><strong>Rappel : un pulv\u00e9risateur sera n\u00e9cessaire pour utiliser l&#8217;Aedex EC contre les punaises de lit, puces, araign\u00e9es, gu\u00eapes ou frelons.<\/strong><\/p>\n\n\n\n<h2 class=\"wp-block-heading\">\u2705 Recommandation :<\/h2>\n\n\n\n<p>Dans le cas d&#8217;une infestation <strong>importante<\/strong> de blattes, nous vous conseillons d&#8217;associer cette insecticide avec du <a href=\"https:\/\/www.ban-idf.com\/boutique\/categorie-produit\/insectes\/cafards\/gel-anti-cafards\/\" target=\"_blank\" rel=\"noreferrer noopener\">gel pour cafards puissant<\/a> et des <a href=\"https:\/\/www.ban-idf.com\/boutique\/categorie-produit\/insectes\/cafards\/piege-a-cafards-collant\/\">pi\u00e8ges \u00e0 cafards collants<\/a>.<\/p>\n\n\n\n<h2 class=\"wp-block-heading\">\u2623\ufe0f Ca reste un insecticide &#8230;<\/h2>\n\n\n\n<p><strong>L&#8217;Aedex Ec <\/strong>est <strong>dangereux<\/strong> au touch\u00e9 dans sa <strong>forme liquide<\/strong>. Sec, il est inoffensif. Lisez bien la Fiches de S\u00e9curit\u00e9 (FDS) fournis avec le flacon. Ne surtout pas <strong>VIDER<\/strong> le contenu du pulv\u00e9risateur dans le lavabo, les WC ou dans l&#8217;espace publique (jardin, caniveau). Apporter le pulv\u00e9risateur dans une d\u00e9chetterie pour sa destruction.<\/p>\n\n\n\n<p class=\"has-text-align-center\"><strong>Vous avez des questions concernant l&#8217;insecticide AEDEX EC 100 ml ? <a href=\"https:\/\/www.ban-idf.com\/boutique\/consultation-expert-nuisibles-reduction\/\">Contactez un expert anti-nuisibles<\/a><\/strong><\/p>\n\n\n\n<h2 class=\"wp-block-heading\"><strong>\ud83d\uded2<\/strong>&nbsp;<strong>Achetez en toute confiance chez BAN-IDF<\/strong><\/h2>\n\n\n\n<p>Chez\u00a0<strong>BAN-IDF<\/strong>, nous s\u00e9lectionnons les meilleures solutions professionnelles pour lutter efficacement contre les nuisibles. Avec\u00a0<strong>Aedex EC<\/strong>, vous b\u00e9n\u00e9ficiez d\u2019un produit\u00a0<strong>redoutable et rapide<\/strong>, test\u00e9 en conditions r\u00e9elles. Livraison rapide, conseils d\u2019experts et service client disponible pour vous accompagner \u00e0 chaque \u00e9tape.<\/p>\n\n\n\n<hr class=\"wp-block-separator has-alpha-channel-opacity\"\/>\n\n\n\n<h2 class=\"wp-block-heading\">\u2753 Vos questions, nos r\u00e9ponses (FAQ)<\/h2>\n\n\n\n<h3 class=\"wp-block-heading\">Vendez vous la version Aedex EC 250 ml ?<\/h3>\n\n\n\n<p>La version 250ml de l&#8217;Aedex EC est disponible \u00e0 la vente UNIQUEMENT pour les professionnels.<\/p>\n\n\n\n<h3 class=\"wp-block-heading\">Est-ce que l&#8217;Aedex Ec fonctionne contre les punaises de lit ?<\/h3>\n\n\n\n<p>L&#8217;Aedex EC est un puissant <strong>insecticide<\/strong> qui permet de lutter contre les <strong>insectes rampants<\/strong>. Les <strong>punaises de lit<\/strong> sont des <strong>insectes rampants<\/strong>, donc oui, l&#8217;Aedex EC fonctionne tr\u00e8s bien sur ces insectes.<\/p>\n\n\n\n<h3 class=\"wp-block-heading\">Je peux utiliser l&#8217;eau min\u00e9rale pour faire le m\u00e9lange ou chaude ?<\/h3>\n\n\n\n<p>Non ! Il vous faudra obligatoirement de l&#8217;eau du robinet froide ou ti\u00e8de. L&#8217;eau chaude risquerait d&#8217;alt\u00e9rer l&#8217;efficacit\u00e9 de l&#8217;insecticide.<\/p>\n\n\n\n<h3 class=\"wp-block-heading\">Je peux vider le flacon dans un sot d&#8217;eau pour passer la serpilli\u00e8re dans ma chambre ?<\/h3>\n\n\n\n<p>Surtout pas ! Danger ! Ce produit est un <strong>concentr\u00e9 d&#8217;insecticide \u00e9mulsionnable<\/strong>. Le protocole d&#8217;utilisation doit \u00eatre respect\u00e9 : dosage de 100 ml pour 5 L d&#8217;eau froide, et pulv\u00e9risez les nids ou les zones de passage des <strong>punaises de lit<\/strong>. Achetez un produit adapt\u00e9 pour le sol si vous souhaitez passer la serpilli\u00e8re dans votre chambre, l&#8217;Aedex EC ne s&#8217;utilise pas comme \u00e7a.<\/p>\n\n\n\n<h3 class=\"wp-block-heading\">J&#8217;ai des puces de parquet, comment traiter ?<\/h3>\n\n\n\n<p>Rien de compliqu\u00e9 ! Commencez tout d&#8217;abord par pr\u00e9parer les <strong>surfaces<\/strong> \u00e0 traiter. Ne laissez rien au sol. Passez la serpilli\u00e8re pour bien nettoyer le sol. D\u00e9calez les meubles et le canap\u00e9 de 20 cm du mur. <strong>\u00c9quipez-vous<\/strong> : masque, tenue compl\u00e8te, gants. Diluez votre <strong>insecticide<\/strong> avec de l&#8217;eau dans un pulv\u00e9risateur. Ensuite, traitez le sol, le canap\u00e9, les coussins et les meubles. Il faut en mettre partout, surtout si vous avez du parquet (les <strong>puces de parquet<\/strong> se cachent dans les fissures). Ensuite, ouvrez les fen\u00eatres et sortez pendant 4 heures, le temps de s\u00e9chage. Simple, non ?<\/p>\n\n\n\n<h3 class=\"wp-block-heading\">Faut il un fumig\u00e8ne pour tuer les puces de parquet ?<\/h3>\n\n\n\n<p>Non, pas forc\u00e9ment. Si vous pulv\u00e9risez un <strong>insecticide<\/strong> contenant une association de <strong>pyr\u00e9thrino\u00efdes<\/strong>, garantissant une mort rapide et aussi une r\u00e9manence dans le temps, vous n&#8217;aurez pas forc\u00e9ment besoin d&#8217;un fumig\u00e8ne. Apr\u00e8s, si cela vous rassure, utilisez un <strong><a href=\"https:\/\/www.ban-idf.com\/boutique\/categorie-produit\/insectes\/punaises-de-lit\/fumigene-punaises-de-lit\/\">fumig\u00e8ne anti-punaises de lit<\/a><\/strong> par pi\u00e8ce.<\/p>\n\n\n\n<h3 class=\"wp-block-heading\">Bonjour, je souhaiterai savoir comment utiliser l&#8217;aedex ec j&#8217;ai peur des dangers du produit ?<\/h3>\n\n\n\n<p>Bonjour, nous avons une page d\u00e9di\u00e9e \u00e0 l&#8217;utilisation de cet insecticide : <a href=\"https:\/\/www.ban-idf.com\/boutique\/traiter-les-punaises-de-lit-avec-de-laedex-ec\/\">Comment utiliser l&#8217;Aedex Ec ?<\/a>. Je vous invite \u00e0 la lire. Cordialement<\/p>\n\n\n\n<h3 class=\"wp-block-heading\">Je ne trouve pas aedex ec en pharmacie, je ne peux pas payer en carte bleue ?<\/h3>\n\n\n\n<p>Si vous vivez \u00e0 Paris, vous pouvez r\u00e9cup\u00e9rer ce produit et le payer sur place.<\/p>\n\n\n\n<h3 class=\"wp-block-heading\">Quel est l&#8217;insecticide le plus efficace ?<\/h3>\n\n\n\n<p>Est-il efficace \u00e0 100 % ? Non, car il existera toujours une petite population (10%) de <strong>punaises<\/strong> ayant une r\u00e9sistance &#8220;naturelle&#8221; aux produits. Cependant, pour un particulier, l&#8217;Aedex EC demeure un insecticide tr\u00e8s efficace pour traiter une infestation de <strong>nuisibles rampants ou volants<\/strong>.<\/p>\n\n\n\n<h3 class=\"wp-block-heading\">C&#8217;est un plaisir de vous lire, j&#8217;ai une question : quel est pour vous le meilleurs insecticide contre les punaises de lit ?<\/h3>\n\n\n\n<p>En premier traitement, je dirais le <strong>Super Cimetrol<\/strong> car il est huileux et qu&#8217;il accroche bien. Avant de l&#8217;utiliser, j&#8217;utilise le <strong>CIMEX ERADICATOR<\/strong> et un bon aspirateur pour limiter l&#8217;infestation.<\/p>\n\n\n\n<h3 class=\"wp-block-heading\">Bonjour, j&#8217;ai achet\u00e9 votre produit anti punaises de lit. La livraison est top par contre je ne sais pas quoi prendre comme pi\u00e8ge pour punaises ? Une recommandation ?<\/h3>\n\n\n\n<p>Merci de nous avoir fait confiance en commandant sur notre site. Un pi\u00e8ge qui est top et \u00e0 la port\u00e9e de tous (sans passer par notre site en plus \ud83d\ude42 ) est le scotch double face de la marque <strong>SCOTCH<\/strong>.<\/p>\n\n\n\n<hr class=\"wp-block-separator has-alpha-channel-opacity\"\/>\n\n\n\n<h2 class=\"wp-block-heading\">\ud83e\uddea Mati\u00e8res actives<\/h2>\n\n\n\n<p>Perm\u00e9thrine 240 G\/L<\/p>\n\n\n\n<p>D-T\u00e9tram\u00e9thrine 40 G\/L<\/p>\n\n\n\n<p>Butoxyde De Pip\u00e9ronyle 200 G\/L<\/p>\n\n\n\n<h2 class=\"wp-block-heading\">\ud83d\udce6 Conditionnement<\/h2>\n\n\n\n<p>Vendu en vrac<\/p>\n\n\n\n<h2 class=\"wp-block-heading\">\ud83d\udcc4 T\u00e9l\u00e9chargement :<\/h2>\n\n\n\n<p><a href=\"https:\/\/www.ban-idf.com\/boutique\/wp-admin\/images\/ft-aedex-ec-2019.pdf\" target=\"_blank\" rel=\"noopener noreferrer\">FT (Fiche Technique)<\/a> &#8211; <a href=\"https:\/\/www.ban-idf.com\/boutique\/wp-admin\/images\/fds-aedex-ec-fr-03-04-2019.pdf\" target=\"_blank\" rel=\"noopener noreferrer\">FDS (Fiche des Donn\u00e9es de S\u00e9curit\u00e9)<\/a><\/p>\n","protected":false},"excerpt":{"rendered":"<p>\ud83d\ude42 L&#8217;Aedex EC 100ml un insecticide efficace sur les punaises de lits, blattes, puces &#8230; L&#8217;Aedex EC est un insecticide concentr\u00e9 \u00e9mulsionnable poss\u00e9dant une longue r\u00e9manence (\u00e0 diluer avec de l&#8217;eau froide) que nos experts utilisent tr\u00e8s souvent. Il poss\u00e8de un large spectre, et l&#8217;association de pyr\u00e9thrino\u00efdes le rend efficace contre les puces, les punaises [&hellip;]<\/p>\n","protected":false},"featured_media":9482,"comment_status":"open","ping_status":"closed","template":"","meta":[],"product_brand":[],"product_cat":[405,410,407,320,433,434,425,432,415,429,307],"product_tag":[248],"class_list":{"0":"post-378","1":"product","2":"type-product","3":"status-publish","4":"has-post-thumbnail","6":"product_cat-insecticide-anthrenes","7":"product_cat-insecticide-anti-acariens","8":"product_cat-insecticide-anti-araignees","9":"product_cat-insecticide-mouches","10":"product_cat-produit-anti-cafards","11":"product_cat-produit-anti-fourmis","12":"product_cat-produit-anti-iules","13":"product_cat-produit-anti-poissons-dargent","14":"product_cat-produit-anti-puces","15":"product_cat-produit-anti-vrillettes-du-bois","16":"product_cat-produit-punaises-de-lit","17":"product_tag-insecticides-anti-punaises-de-lit","19":"first","20":"instock","21":"featured","22":"taxable","23":"shipping-taxable","24":"purchasable","25":"product-type-simple"},"_links":{"self":[{"href":"https:\/\/www.ban-idf.com\/boutique\/wp-json\/wp\/v2\/product\/378","targetHints":{"allow":["GET"]}}],"collection":[{"href":"https:\/\/www.ban-idf.com\/boutique\/wp-json\/wp\/v2\/product"}],"about":[{"href":"https:\/\/www.ban-idf.com\/boutique\/wp-json\/wp\/v2\/types\/product"}],"replies":[{"embeddable":true,"href":"https:\/\/www.ban-idf.com\/boutique\/wp-json\/wp\/v2\/comments?post=378"}],"wp:featuredmedia":[{"embeddable":true,"href":"https:\/\/www.ban-idf.com\/boutique\/wp-json\/wp\/v2\/media\/9482"}],"wp:attachment":[{"href":"https:\/\/www.ban-idf.com\/boutique\/wp-json\/wp\/v2\/media?parent=378"}],"wp:term":[{"taxonomy":"product_brand","embeddable":true,"href":"https:\/\/www.ban-idf.com\/boutique\/wp-json\/wp\/v2\/product_brand?post=378"},{"taxonomy":"product_cat","embeddable":true,"href":"https:\/\/www.ban-idf.com\/boutique\/wp-json\/wp\/v2\/product_cat?post=378"},{"taxonomy":"product_tag","embeddable":true,"href":"https:\/\/www.ban-idf.com\/boutique\/wp-json\/wp\/v2\/product_tag?post=378"}],"curies":[{"name":"wp","href":"https:\/\/api.w.org\/{rel}","templated":true}]}}