{"id":278,"date":"2021-10-15T20:33:57","date_gmt":"2021-10-15T18:33:57","guid":{"rendered":"https:\/\/www.ban-idf.com\/boutique\/?post_type=product&#038;p=278"},"modified":"2024-10-03T16:55:56","modified_gmt":"2024-10-03T14:55:56","slug":"piege-souris-appatage-securise","status":"publish","type":"product","link":"https:\/\/www.ban-idf.com\/boutique\/produit\/piege-souris-appatage-securise\/","title":{"rendered":"Poste d&#8217;appatage s\u00e9curis\u00e9 Rotech NG pour souris"},"content":{"rendered":"<h2 style=\"text-align: left;\">Boite s\u00e9curis\u00e9e pour y mettre du poison pour souris<\/h2>\n<p>Ce poste d&#8217;<strong>app\u00e2tage s\u00e9curis\u00e9<\/strong> pour souris de la marque <strong>ROTECH NG<\/strong> va vous permettre d&#8217;utiliser du poison au format <strong>bloc extrud\u00e9, p\u00e2te ou c\u00e9r\u00e9ales jusqu&#8217;\u00e0 33g<\/strong> (non fournis mais disponibles en vente dans notre boutique : <a href=\"https:\/\/www.ban-idf.com\/boutique\/index.php\/produit\/aedex-probloc-25-poison-pour-souris-et-rat\/\">BLOC<\/a> ou <a href=\"https:\/\/www.ban-idf.com\/boutique\/index.php\/produit\/aedex-pasta-25-poison-pour-souris-et-rat\/\">P\u00c2TE<\/a>).<\/p>\n<p>Il est livr\u00e9 avec <strong>une cl\u00e9 en plastique<\/strong> qui va permettre d&#8217;\u00e9viter une <strong>ouverture accidentelle<\/strong> par un animal ou en enfant. La s\u00e9curit\u00e9 c&#8217;est aussi pouvoir d\u00e9placer le poste sans risque d&#8217;intoxication.<\/p>\n<p>Il dispose d&#8217;une double entr\u00e9e qui conduit au compartiment contenant l&#8217;app\u00e2t. Fabriqu\u00e9 dans un PVC robuste <strong>(r\u00e9siste aux chocs, aux intemp\u00e9ries et aux rayons UV)<\/strong>, il peut \u00eatre dispos\u00e9 en int\u00e9rieur comme en ext\u00e9rieur.<\/p>\n<p>Le poste d&#8217;app\u00e2tage ROTECHN NG est conforme \u00e0 la l\u00e9gislation biocide.<\/p>\n<h2>O\u00f9 le placer cette boite s\u00e9curis\u00e9e ?<\/h2>\n<p>Le poste doit \u00eatre plac\u00e9 sur les lieux de passage des souris.\u00a0Pour optimiser le traitement, disposer un poste tous les 3 m\u00e8tres.<\/p>\n<h2>Dimensions :<\/h2>\n<p>132mm x 78mm x 37mm<\/p>\n","protected":false},"excerpt":{"rendered":"<p>Boite s\u00e9curis\u00e9e pour y mettre du poison pour souris Ce poste d&#8217;app\u00e2tage s\u00e9curis\u00e9 pour souris de la marque ROTECH NG va vous permettre d&#8217;utiliser du poison au format bloc extrud\u00e9, p\u00e2te ou c\u00e9r\u00e9ales jusqu&#8217;\u00e0 33g (non fournis mais disponibles en vente dans notre boutique : BLOC ou P\u00c2TE). Il est livr\u00e9 avec une cl\u00e9 en [&hellip;]<\/p>\n","protected":false},"featured_media":5718,"comment_status":"open","ping_status":"closed","template":"","meta":[],"product_brand":[],"product_cat":[292],"product_tag":[],"class_list":{"0":"post-278","1":"product","2":"type-product","3":"status-publish","4":"has-post-thumbnail","6":"product_cat-piege-a-souris-2","8":"first","9":"instock","10":"taxable","11":"shipping-taxable","12":"purchasable","13":"product-type-simple"},"_links":{"self":[{"href":"https:\/\/www.ban-idf.com\/boutique\/wp-json\/wp\/v2\/product\/278","targetHints":{"allow":["GET"]}}],"collection":[{"href":"https:\/\/www.ban-idf.com\/boutique\/wp-json\/wp\/v2\/product"}],"about":[{"href":"https:\/\/www.ban-idf.com\/boutique\/wp-json\/wp\/v2\/types\/product"}],"replies":[{"embeddable":true,"href":"https:\/\/www.ban-idf.com\/boutique\/wp-json\/wp\/v2\/comments?post=278"}],"wp:featuredmedia":[{"embeddable":true,"href":"https:\/\/www.ban-idf.com\/boutique\/wp-json\/wp\/v2\/media\/5718"}],"wp:attachment":[{"href":"https:\/\/www.ban-idf.com\/boutique\/wp-json\/wp\/v2\/media?parent=278"}],"wp:term":[{"taxonomy":"product_brand","embeddable":true,"href":"https:\/\/www.ban-idf.com\/boutique\/wp-json\/wp\/v2\/product_brand?post=278"},{"taxonomy":"product_cat","embeddable":true,"href":"https:\/\/www.ban-idf.com\/boutique\/wp-json\/wp\/v2\/product_cat?post=278"},{"taxonomy":"product_tag","embeddable":true,"href":"https:\/\/www.ban-idf.com\/boutique\/wp-json\/wp\/v2\/product_tag?post=278"}],"curies":[{"name":"wp","href":"https:\/\/api.w.org\/{rel}","templated":true}]}}