{"id":249,"date":"2021-10-15T02:20:03","date_gmt":"2021-10-15T00:20:03","guid":{"rendered":"https:\/\/www.ban-idf.com\/boutique\/?post_type=product&#038;p=249"},"modified":"2024-10-09T01:21:00","modified_gmt":"2024-10-08T23:21:00","slug":"piege-a-souris-gorilla-trap-lot-de-3","status":"publish","type":"product","link":"https:\/\/www.ban-idf.com\/boutique\/produit\/piege-a-souris-gorilla-trap-lot-de-3\/","title":{"rendered":"Lot de 3 pi\u00e8ges \u00e0 souris Gorilla Trap"},"content":{"rendered":"\n<h2 class=\"wp-block-heading\">D\u00e9couvrez la tapette \u00e0 souris Gorilla Trap<\/h2>\n\n\n\n<p><strong>Gorilla Trap<\/strong>&nbsp;est une marque allemande qui propose des&nbsp;<strong>tapettes \u00e0 souris, rats et mulots<\/strong> de tr\u00e8s bonne qualit\u00e9.<\/p>\n\n\n<div class=\"wp-block-image\">\n<figure class=\"aligncenter size-large is-resized\"><img fetchpriority=\"high\" decoding=\"async\" width=\"512\" height=\"512\" src=\"https:\/\/www.ban-idf.com\/boutique\/wp-content\/uploads\/2021\/10\/allemagne.svg\" alt=\"allemagne\" class=\"wp-image-7590\" style=\"width:120px\" srcset=\"https:\/\/www.ban-idf.com\/boutique\/wp-content\/uploads\/\/2021\/10\/allemagne.svg 150w, https:\/\/www.ban-idf.com\/boutique\/wp-content\/uploads\/\/2021\/10\/allemagne.svg 300w, https:\/\/www.ban-idf.com\/boutique\/wp-content\/uploads\/\/2021\/10\/allemagne.svg 1024w, https:\/\/www.ban-idf.com\/boutique\/wp-content\/uploads\/\/2021\/10\/allemagne.svg 512w\" sizes=\"(max-width: 512px) 100vw, 512px\" \/><\/figure>\n<\/div>\n\n\n<p>Nous les utilisons r\u00e9guli\u00e8rement chez les <strong>particuliers <\/strong>ou les professionnels de la <strong>restauration<\/strong> qui veulent constater le r\u00e9sultat de notre action curative.<\/p>\n\n\n\n<p>Nous avons aussi des clients qui sont <strong>contre l&#8217;installation de produits chimiques biocides<\/strong> dans leur appartement ou restaurant. La protection de l&#8217;environnement est tr\u00e8s importante quand on est d\u00e9ratiseur professionnel.<\/p>\n\n\n\n<h2 class=\"wp-block-heading\">La meilleur tapette \u00e0 souris du monde et de l&#8217;espace<\/h2>\n\n\n\n<p>La <strong>tapette Gorilla Trap Souris<\/strong> est fabriqu\u00e9e dans un plastique robuste. Elle peut \u00eatre utilis\u00e9e en ext\u00e9rieur sans probl\u00e8me ! Vous pouvez la passer sous l&#8217;eau apr\u00e8s chaque prise pour la nettoyer, elle est trait\u00e9e contre la rouille.<\/p>\n\n\n\n<p>Le <strong>pi\u00e8ge \u00e0 souris Gorilla Trap<\/strong> est compatible avec les capsules attractives aromatis\u00e9es <strong>APPAT NARA<\/strong>, que nous vous proposons ici : <strong><a href=\"https:\/\/www.ban-idf.com\/boutique\/produit\/nara-lure-artificiels-lot-par-3\/\">APPAT NARA<\/a><\/strong>.<\/p>\n\n\n<div class=\"wp-block-image\">\n<figure class=\"aligncenter size-full is-resized\"><img decoding=\"async\" width=\"1000\" height=\"750\" src=\"https:\/\/www.ban-idf.com\/boutique\/wp-content\/uploads\/2021\/10\/tapette-a-souris-action.jpg\" alt=\"tapette a souris action\" class=\"wp-image-7591\" style=\"aspect-ratio:16\/9;object-fit:cover;width:600px\" srcset=\"https:\/\/www.ban-idf.com\/boutique\/wp-content\/uploads\/2021\/10\/tapette-a-souris-action.jpg 1000w, https:\/\/www.ban-idf.com\/boutique\/wp-content\/uploads\/2021\/10\/tapette-a-souris-action-300x225.jpg 300w, https:\/\/www.ban-idf.com\/boutique\/wp-content\/uploads\/2021\/10\/tapette-a-souris-action-768x576.jpg 768w, https:\/\/www.ban-idf.com\/boutique\/wp-content\/uploads\/2021\/10\/tapette-a-souris-action-600x450.jpg 600w\" sizes=\"(max-width: 1000px) 100vw, 1000px\" \/><figcaption class=\"wp-element-caption\">Tapette a Souris Action<\/figcaption><\/figure>\n<\/div>\n\n\n<h2 class=\"wp-block-heading\">Comment l&#8217;utiliser efficacement ?<\/h2>\n\n\n\n<p>Vous allez avoir besoin d&#8217;un app\u00e2t : <strong>oubliez le fromage, \u00e7a ne marche que dans les dessins anim\u00e9s<\/strong>. De la p\u00e2te \u00e0 tartiner Nutella (prenez le premier prix) fera l&#8217;affaire, ou bien du <strong>beurre de cacahu\u00e8te<\/strong>.<\/p>\n\n\n\n<p>D\u00e9posez une noisette de votre app\u00e2t au niveau de l&#8217;orifice d\u00e9di\u00e9.<\/p>\n\n\n\n<p>Ensuite, il ne vous reste plus qu&#8217;\u00e0 armer le <strong>pi\u00e8ge Gorilla Trap<\/strong> et \u00e0 le d\u00e9poser d\u00e9licatement le long du mur, au niveau du passage des rongeurs, dans la zone infest\u00e9e (cuisine, cave, garage, grenier, etc.).<\/p>\n\n\n\n<p>L&#8217;odeur sera perceptible par le rongeur, qui ira se faire pi\u00e9ger par la <strong>Gorilla Trap<\/strong>. La mort est instantan\u00e9e.<\/p>\n\n\n\n<p class=\"has-light-green-cyan-background-color has-background\"><strong>Petit conseil d&#8217;expert anti-nuisibles : \u00e9vitez toute concurrence alimentaire. Pensez \u00e0 ranger toute la nourriture (placards UNIQUEMENT en hauteur, dans le r\u00e9frig\u00e9rateur, micro-ondes, ou dans des caisses ferm\u00e9es et \u00e9tanches) !<\/strong><\/p>\n\n\n\n<p>Contr\u00f4ler votre poubelle, une souris \u00e7a saute. Elle doit \u00eatre imp\u00e9rativement ferm\u00e9e.<\/p>\n\n\n\n<h3 class=\"wp-block-heading\">La souris est tu\u00e9e instantan\u00e9ment, sans souffrance.<\/h3>\n\n\n\n<p>Apr\u00e8s chaque prise, apportez le cadavre \u00e0 la d\u00e9chetterie. La souris, n&#8217;\u00e9tant pas empoisonn\u00e9e, peut \u00eatre laiss\u00e9e au bord d&#8217;une route ou dans une for\u00eat pour qu&#8217;elle serve de repas \u00e0 un pr\u00e9dateur. Elle fera un heureux !<\/p>\n\n\n<div class=\"wp-block-image\">\n<figure class=\"aligncenter size-full is-resized\"><img decoding=\"async\" width=\"600\" height=\"800\" src=\"https:\/\/www.ban-idf.com\/boutique\/wp-content\/uploads\/2022\/05\/xcluder-bande-20cm-1.webp\" alt=\"xcluder bande anti intrusion souris rats\" class=\"wp-image-1076\" style=\"aspect-ratio:16\/9;object-fit:cover;width:500px\" srcset=\"https:\/\/www.ban-idf.com\/boutique\/wp-content\/uploads\/2022\/05\/xcluder-bande-20cm-1.webp 600w, https:\/\/www.ban-idf.com\/boutique\/wp-content\/uploads\/2022\/05\/xcluder-bande-20cm-1-225x300.webp 225w\" sizes=\"(max-width: 600px) 100vw, 600px\" \/><figcaption class=\"wp-element-caption\">Maille anti intrusion XLCUDER<\/figcaption><\/figure>\n<\/div>\n\n\n<p>D\u00e8s lors que les traces d&#8217;infestation ont disparu, nous vous conseillons de reboucher les trous \u00e0 l&#8217;aide de ciment ou du <strong><a href=\"https:\/\/www.ban-idf.com\/boutique\/produit\/bande-anti-intrusion-souris-et-rats-xcluder\/\">XCLUDER<\/a><\/strong>.<\/p>\n\n\n\n<h2 class=\"wp-block-heading\">Avis d&#8217;experts :<\/h2>\n\n\n\n<p>Nous recommandons l&#8217;utilisation de la <strong>tapette Gorilla Trap<\/strong> chez les particuliers pour \u00e9liminer une colonie de <strong>souris<\/strong> tr\u00e8s rapidement. Pensez \u00e0 isoler la nourriture et \u00e0 sortir la poubelle. La concurrence alimentaire est un facteur important dans la lutte contre les nuisibles.<\/p>\n\n\n\n<p>L&#8217;emploi des <strong>tapettes \u00e0 souris Gorilla Trap<\/strong> est simple, \u00e9conomique (utilisation illimit\u00e9e) et respectueux de l&#8217;environnement (pas de produits toxiques).<\/p>\n\n\n\n<p>Faites attention aux enfants et aux animaux de compagnie.<\/p>\n\n\n\n<h2 class=\"wp-block-heading\">Dimensions :<\/h2>\n\n\n\n<p>95mm x 45mm x 60mm.<\/p>\n\n\n\n<h2 class=\"wp-block-heading\">Conditionnement :<\/h2>\n\n\n\n<p>3 tapettes \u00e0 souris Gorilla Traps vendu en vrac.<\/p>\n","protected":false},"excerpt":{"rendered":"<p>D\u00e9couvrez la tapette \u00e0 souris Gorilla Trap Gorilla Trap&nbsp;est une marque allemande qui propose des&nbsp;tapettes \u00e0 souris, rats et mulots de tr\u00e8s bonne qualit\u00e9. Nous les utilisons r\u00e9guli\u00e8rement chez les particuliers ou les professionnels de la restauration qui veulent constater le r\u00e9sultat de notre action curative. Nous avons aussi des clients qui sont contre l&#8217;installation [&hellip;]<\/p>\n","protected":false},"featured_media":5631,"comment_status":"open","ping_status":"closed","template":"","meta":[],"product_brand":[],"product_cat":[294],"product_tag":[219],"class_list":{"0":"post-249","1":"product","2":"type-product","3":"status-publish","4":"has-post-thumbnail","6":"product_cat-tapette-a-souris-2","7":"product_tag-tapette-a-souris","9":"first","10":"instock","11":"taxable","12":"shipping-taxable","13":"purchasable","14":"product-type-simple"},"_links":{"self":[{"href":"https:\/\/www.ban-idf.com\/boutique\/wp-json\/wp\/v2\/product\/249","targetHints":{"allow":["GET"]}}],"collection":[{"href":"https:\/\/www.ban-idf.com\/boutique\/wp-json\/wp\/v2\/product"}],"about":[{"href":"https:\/\/www.ban-idf.com\/boutique\/wp-json\/wp\/v2\/types\/product"}],"replies":[{"embeddable":true,"href":"https:\/\/www.ban-idf.com\/boutique\/wp-json\/wp\/v2\/comments?post=249"}],"wp:featuredmedia":[{"embeddable":true,"href":"https:\/\/www.ban-idf.com\/boutique\/wp-json\/wp\/v2\/media\/5631"}],"wp:attachment":[{"href":"https:\/\/www.ban-idf.com\/boutique\/wp-json\/wp\/v2\/media?parent=249"}],"wp:term":[{"taxonomy":"product_brand","embeddable":true,"href":"https:\/\/www.ban-idf.com\/boutique\/wp-json\/wp\/v2\/product_brand?post=249"},{"taxonomy":"product_cat","embeddable":true,"href":"https:\/\/www.ban-idf.com\/boutique\/wp-json\/wp\/v2\/product_cat?post=249"},{"taxonomy":"product_tag","embeddable":true,"href":"https:\/\/www.ban-idf.com\/boutique\/wp-json\/wp\/v2\/product_tag?post=249"}],"curies":[{"name":"wp","href":"https:\/\/api.w.org\/{rel}","templated":true}]}}