{"id":2,"date":"2020-02-14T15:25:50","date_gmt":"2020-02-14T14:25:50","guid":{"rendered":"http:\/\/k8s.hosteur.net\/cms\/?page_id=2"},"modified":"2024-03-08T20:14:04","modified_gmt":"2024-03-08T19:14:04","slug":"mentions-legales","status":"publish","type":"page","link":"https:\/\/www.ban-idf.com\/boutique\/mentions-legales\/","title":{"rendered":"Mentions L\u00e9gales"},"content":{"rendered":"\n<p><strong>Editeur :<\/strong><\/p>\n\n\n\n<p><strong>BAN-IDF, Les Experts Anti Nuisibles SAS<\/strong> &#8211; 47 avenue de Flandre 75019 PARIS.<\/p>\n\n\n\n<p>Soci\u00e9t\u00e9 par actions simplifi\u00e9e au capital de 1000,00 \u20ac.<\/p>\n\n\n\n<p>N\u00b0 d\u2019immatriculation RCS de Paris : 98297737300017.<\/p>\n\n\n\n<p>T\u00e9l\u00e9phone : 09 74 77 74 46 \u2013 Email : contact@shop.ban-idf.com.<\/p>\n\n\n\n<p><strong>Directeur de la publication :<\/strong><\/p>\n\n\n\n<p>M. Gharib OUNZAB en sa qualit\u00e9 de G\u00e9rant de la soci\u00e9t\u00e9 <strong>BAN-IDF, Les Experts Anti Nuisibles SAS<\/strong>.<\/p>\n\n\n\n<p><\/p>\n\n\n\n<p><strong>H\u00e9bergement :<\/strong><\/p>\n\n\n\n<p>Le site est h\u00e9berg\u00e9 par HOSTEUR SA Suissse 75019 Suisse.<\/p>\n\n\n\n<p><strong>Conception et cr\u00e9ation<\/strong> :<\/p>\n\n\n\n<p>R2D-23 \u2013 47 avenue de Flandre 75019 PARIS.<\/p>\n\n\n\n<p>T\u00e9l\u00e9phone : 06 10 38 01 07 \u2013 Email : gharib.ounzab@yahoo.fr.<\/p>\n\n\n\n<p><strong>Mise \u00e0 jour<\/strong> :<\/p>\n\n\n\n<p>Les dispositions sont actualis\u00e9es chaque fois que n\u00e9cessaire, notamment pour tenir compte des \u00e9volutions l\u00e9gislatives et r\u00e9glementaires.<\/p>\n","protected":false},"excerpt":{"rendered":"<p>Editeur : BAN-IDF, Les Experts Anti Nuisibles SAS &#8211; 47 avenue de Flandre 75019 PARIS. Soci\u00e9t\u00e9 par actions simplifi\u00e9e au capital de 1000,00 \u20ac. N\u00b0 d\u2019immatriculation RCS de Paris : 98297737300017. T\u00e9l\u00e9phone : 09 74 77 74 46 \u2013 Email : contact@shop.ban-idf.com. Directeur de la publication : M. Gharib OUNZAB en sa qualit\u00e9 de G\u00e9rant [&hellip;]<\/p>\n","protected":false},"author":5,"featured_media":0,"parent":0,"menu_order":0,"comment_status":"closed","ping_status":"closed","template":"","meta":{"footnotes":""},"class_list":["post-2","page","type-page","status-publish","hentry"],"_links":{"self":[{"href":"https:\/\/www.ban-idf.com\/boutique\/wp-json\/wp\/v2\/pages\/2","targetHints":{"allow":["GET"]}}],"collection":[{"href":"https:\/\/www.ban-idf.com\/boutique\/wp-json\/wp\/v2\/pages"}],"about":[{"href":"https:\/\/www.ban-idf.com\/boutique\/wp-json\/wp\/v2\/types\/page"}],"author":[{"embeddable":true,"href":"https:\/\/www.ban-idf.com\/boutique\/wp-json\/wp\/v2\/users\/5"}],"replies":[{"embeddable":true,"href":"https:\/\/www.ban-idf.com\/boutique\/wp-json\/wp\/v2\/comments?post=2"}],"version-history":[{"count":0,"href":"https:\/\/www.ban-idf.com\/boutique\/wp-json\/wp\/v2\/pages\/2\/revisions"}],"wp:attachment":[{"href":"https:\/\/www.ban-idf.com\/boutique\/wp-json\/wp\/v2\/media?parent=2"}],"curies":[{"name":"wp","href":"https:\/\/api.w.org\/{rel}","templated":true}]}}